5*b - 22*b - h*b - 17. List the prime factors of v(-6).
61
Suppose 3*y = j + 5 - 7, -j + 4*y = 0. Suppose 7*m - j*m = -534. What are the prime factors of m?
2, 3, 89
Suppose -5*c - 19 = -2*t + 5*t, 5*t + 9 = 3*c. Let l be c/8 - (-539)/44. Suppose 3*w + 918 = l*w. What are the prime factors of w?
2, 3, 17
Suppose 19*y + 0*y - 38 = 0. Suppose -4974 = -2*p - 3*p + y*w, 0 = -p + 4*w + 984. What are the prime factors of p?
2, 3, 83
Let j = 188 - 186. Suppose 0 = j*m - 3*b - 2*b - 488, m + b - 258 = 0. What are the prime factors of m?
2, 127
Let i = 1315 + -150. Suppose 0 = 5*s + 3*k - i + 382, 2*s = k + 322. Suppose 7*m - 3*m - 658 = n, m - 3*n - s = 0. List the prime factors of m.
3, 5, 11
Let s be ((-8)/3)/((-12)/36). Let b(k) = -k**3 + 18*k**2 - 14*k - 9. List the prime factors of b(s).
3, 173
Let k(t) be the first derivative of 37*t**2 - 64*t - 25. List the prime factors of k(6).
2, 5, 19
Let v(k) = 10*k + 3371. List the prime factors of v(-118).
7, 313
Let g(b) = -b**3 - 5*b**2 + 2*b + 2. Let u be g(-5). Let t be (-15280)/(-170) + 30/255. What are the prime factors of t/20 - -2*2/u?
2
Suppose 4144 = s + s. Suppose 7*z + s = -7*z. Let v = z + 274. What are the prime factors of v?
2, 3, 7
Let p(v) = 11*v**2 - 35*v - 3. Let a(x) = 5*x**2 - 17*x - 2. Let q(w) = -13*a(w) + 6*p(w). Let t be q(-12). Let y = t + 13. What are the prime factors of y?
3, 11
Let l = -4739 - -5260. List the prime factors of l.
521
Let f(l) = l + 49. Let y be f(-12). Suppose y + 1147 = -8*x. Let j = x + 324. List the prime factors of j.
2, 11
Suppose 0 = -z + j - 2, -2*z - j + 4*j + 1 = 0. Let c be -137*z/(7/3). Let o = c - 275. List the prime factors of o.
2, 17
Let t(u) = -u**3 + 16*u**2 - 68*u - 2. Let h be t(11). List the prime factors of 358 - (6/(-5))/(58/h).
5, 71
Let q(u) = -9*u + 14. Let d be q(-6). Suppose -7*p + 4*o = -4*p - d, 3*p - 5*o = 70. List the prime factors of ((8/p)/(-2))/((-2)/1930).
193
Let o = -3997 + 17956. What are the prime factors of o?
3, 11, 47
Let a = -34979 - -56737. What are the prime factors of a?
2, 11, 23, 43
Suppose -5782 = -11*q + 2160. Suppose 2*u + 18 = q. What are the prime factors of u?
2, 11
Suppose -11 + 23 = -4*x. Let s be 1/x - ((-21)/9 - 1). Suppose 3*m - 862 = -m + 3*w, -s*w = -2*m + 434. List the prime factors of m.
2, 107
Let u(p) be the second derivative of 2*p**3 + 8*p + 9/2*p**2 + 0. What are the prime factors of u(7)?
3, 31
Let g = 9153 + -5196. What are the prime factors of g?
3, 1319
Let o be 2/(-6) - (-48)/(-18). Let s(k) = 93*k**2 - 4*k + 5. List the prime factors of s(o).
2, 7, 61
Let i = -27 + -2. Let p(s) = s**3 + 30*s**2 + 20*s + 48. List the prime factors of p(i).
3, 103
Let d = -571 + 263. Let o = 121 - d. List the prime factors of o.
3, 11, 13
Let x = 660 + -655. Suppose 1 = -n, -17*n + 886 = x*w - 18*n. What are the prime factors of w?
3, 59
Let f = 227 + -213. Suppose -f*k + 4067 = -3927. List the prime factors of k.
571
Suppose -3*j - 24 = 8*s - 11*s, s = -3*j - 4. Suppose 1093 = 4*y + 11*d - 16*d, 2*y + s*d - 569 = 0. What are the prime factors of y?
277
Let c(r) = 4*r - 9. Let p be c(3). Suppose -p*s - 3*s + 54 = 0. Suppose 0 = -i + s*i - 568. List the prime factors of i.
71
Suppose -g - 3*p = 8, -5*p - 6 = -12*g + 10*g. List the prime factors of ((-2)/(-9) - (-4240)/36) + g.
2, 29
Let c = 152 + -131. List the prime factors of (8 - 5992/c)*(-6)/4.
2, 13
Let u(m) = -2*m**3 + m**2 + 3*m + 2. Let k be u(-1). Suppose 7*v = k + 26. List the prime factors of -1*(v + 2 + -117).
3, 37
Let v(n) be the third derivative of 0 + 5/24*n**6 - 1/24*n**4 + 11*n**2 + 0*n**3 + 0*n + 0*n**5. List the prime factors of v(1).
2, 3
Let t(q) = 4*q**2 - 4*q - 25. Let a be t(-5). Let p = -305 - a. List the prime factors of p/(-15)*-3*(-4)/10.
2
Suppose -18*x + 9*x + 24137 + 96139 = 0. List the prime factors of x.
2, 13, 257
Suppose 2928*x - 5*y = 2930*x - 17608, -3*y + 35244 = 4*x. List the prime factors of x.
2, 3, 13, 113
Let d(w) = -1872*w - 44. List the prime factors of d(-1).
2, 457
Suppose -6*s = -9*s + 15. Suppose -2*a - 38 = -2*i - 476, s*a - 1077 = -4*i. Let c = a - 130. What are the prime factors of c?
3, 29
Let x(z) be the first derivative of 2*z**4 + z**3 - 5*z**2/2 - 3*z - 12. Let o be x(-3). Let g = o + 298. List the prime factors of g.
11
Let k(h) = 162*h**2 + 48*h - 45. Let a be k(1). Let d be (-137)/(-3)*(0 - -18). Suppose -d = -7*j + a. What are the prime factors of j?
3, 47
Suppose 4*r - 23 = -31. List the prime factors of 1 + (4 - -169) - (1 - r).
3, 19
Let r be 22/(-99) + 3728/9. Suppose 0 = 18*f - 24*f + r. Suppose f - 11 = 2*m. List the prime factors of m.
29
Suppose -8 = -2*n - 0*t - t, 14 = 5*n + t. Suppose -3*p - 3*o = -12, -3*o + 4 = -2*p - n*o. Suppose p = 5*i + 2*i - 735. List the prime factors of i.
3, 5, 7
Let l be 1/((-3)/3084*4). Let h = l - -708. What are the prime factors of h?
11, 41
Let w = 11025 + 6536. List the prime factors of w.
17, 1033
Let q(f) = 33*f**2 + 54*f + 58. Let w be q(-17). Suppose 0 = 5*m + 3372 - w. What are the prime factors of m?
1061
Suppose -4*x = 4*b - 14828, -x = 4*b + b - 3687. Suppose -x = 46*m - 50*m. What are the prime factors of m?
2, 29
Let s(q) = -3*q - 17. Let t be s(-14). Let h = t - -54. Let r = 158 - h. List the prime factors of r.
79
Let k(r) = 6856*r - 57. List the prime factors of k(1).
13, 523
Suppose 0 = 2*j + m - 1773, 12*m - 2662 = -3*j + 11*m. Suppose -3*p = -5*v - j, 4*p + 3*v - 666 - 500 = 0. List the prime factors of p.
293
Let g(t) = t + 2. Let i be g(-2). Suppose -o + 2*y = y + 61, i = -2*o + y - 124. Let d = o - -81. What are the prime factors of d?
2, 3
Let n(v) = -18*v - 28. Let j be n(-7). Let s = 185 + j. What are the prime factors of s?
283
Suppose 2*x - 4*r - 972 = -0*r, 2*x - 1008 = -2*r. List the prime factors of x.
2, 3, 83
Let v(a) = -5*a + 174. Let i be v(28). Suppose 0 = i*s - 5*s - 1943. What are the prime factors of s?
67
Let p(y) = -95*y - 2329. List the prime factors of p(-30).
521
Let j = 478 + -476. Suppose 29*u = x + 26*u - 1675, 3350 = j*x + u. List the prime factors of x.
5, 67
Suppose 4*j - 16 = -4*s, 0*s + 5*j - 8 = s. Let u(k) = -1 + 0 + 2*k**s + 9*k - 1. List the prime factors of u(-7).
3, 11
Suppose -3*j - 3*j = -4590. What are the prime factors of j?
3, 5, 17
Let c = 12555 - -2619. List the prime factors of c.
2, 3, 281
Let s(n) = n - 2. Let y be s(9). Suppose 3 + 4 = y*i. What are the prime factors of (1/(i/(-4)) - -4) + 175?
5, 7
Let u be 439/(-3) + 6/(-9). Let c = 5873 - 6101. Let j = u - c. List the prime factors of j.
3
Let u be ((-4)/6)/(-3 - (-804)/270). Suppose 0*y + u = -6*y. Let r(k) = -17*k + 8. What are the prime factors of r(y)?
3, 31
Let d(u) = 194*u**3 + 3*u**2 + 24*u - 135. List the prime factors of d(6).
3, 7, 23, 29
What are the prime factors of 134963/17 + 65/(-13)?
2, 3967
Let d be ((-404)/6)/(8/12). Let r = d + 153. Let k = 100 - r. List the prime factors of k.
2, 3
Let l(s) = -4*s + 24. Suppose 5*f + 3 - 1 = -4*a, -2*f - a + 1 = 0. Suppose d - 7 = f*d. What are the prime factors of l(d)?
2, 13
Let c(l) be the second derivative of 0 + 7/12*l**4 - 4*l - 1/20*l**5 - l**2 + 5/3*l**3. List the prime factors of c(7).
2, 17
Let r(c) = -c + 6. Let m be (-14)/21 - 6/((-18)/(-55)). List the prime factors of r(m).
5
Let i(g) = 103*g - 255. Let f be ((-9)/12 - -1)/(1/76). List the prime factors of i(f).
2, 23, 37
Let b(r) = -438*r**3 - 4*r**2 - 39*r - 3. List the prime factors of b(-3).
2, 3, 31
Suppose -3*x = 4*v - 27942, -9*v = 226*x - 227*x - 62916. List the prime factors of v.
2, 3, 5, 233
Let s = -57997 - -87407. List the prime factors of s.
2, 5, 17, 173
List the prime factors of (-40 - 325)*(1/(-3))/((-19)/(-8493)).
5, 73, 149
Let j = -6 - -32. Let c = 33 - j. What are the prime factors of ((-2)/c - 52/14)/(-2)?
2
List the prime factors of ((-68)/(-20) + -6)/((-5)/21775).
13, 67
Suppose -1099 = -3*i - 4*b + 14662, 2*b + 26277 = 5*i. What are the prime factors of i?
5, 1051
Let b(n) = -3*n**3 - 44*n**2 - 45*n + 250. What are the prime factors of b(-28)?
2, 5, 19, 173
Let i(y) = 97*y**3 - y**2 - 17*y + 140. List the prime factors of i(6).
2, 10477
Let u(k) = 32*k**2 + 72*k + 847. What are the prime factors of u(38)?
3, 7, 2371
Let y = -17093 + 40450. What are the prime factors of y?
23357
Let c(v) = 7